 remainder when w(13) is divided by t(12).
5
Let a(j) = -3*j**2 - 6. Let y(s) = -12*s**2 + s - 24. Let x(l) = -9*a(l) + 2*y(l). Let q = -13 + 40. What is the remainder when q is divided by x(0)?
3
Suppose 220 = w - 4*p, 0*w + 2*p + 212 = w. Suppose 3*d + w = 5*h - 130, 0 = 2*h + 3*d - 142. What is the remainder when h is divided by 39?
29
Suppose -k + 12407 = 3*t, 3*k = 3*t - 10138 - 2273. What is the remainder when t is divided by 38?
32
Suppose 5*f - z = 6*f - 94, 4*z + 289 = 3*f. Suppose 0*y - 59 = y. Let i = -11 - y. Calculate the remainder when f is divided by i.
47
Let h(c) = c**3 + 40*c**2 - c - 15. Let q(n) = 8*n**2 - 10*n + 3. Calculate the remainder when q(4) is divided by h(-40).
16
Let z be -15*(-3)/(-3)*1. Let k = 10 - z. Suppose 42*j - 478 + 184 = 0. What is the remainder when k is divided by j?
4
Let d = 9124 - 9081. What is the remainder when 5804 is divided by d?
42
Let v = -17 + 22. Suppose f - 132 = -v*p, 3*f + 3*p - 290 - 70 = 0. What is the remainder when f is divided by 10?
7
Let z(a) = a**3 - 16*a**2 - 8*a + 181. Calculate the remainder when z(18) is divided by 54.
37
Let s(d) = -d**2 + 123*d - 1400. What is the remainder when s(100) is divided by 295?
15
Let p(b) = -3*b**3 + 8*b + 6. Let s be p(4). What is the remainder when 129 is divided by (s/(-7))/((-5)/(-10))?
41
Let c = -5705 + 6165. Calculate the remainder when c is divided by 165.
130
Calculate the remainder when 98 is divided by 54 - ((-16)/20 - ((-22)/(-10) + -2)).
43
Let c be (-1)/(-6)*76 - 5/(-15). Calculate the remainder when (35/14 + -1)*(c + -1) is divided by 8/6 - 1225/(-105).
5
Suppose -5*d + 30*l = 35*l - 475, 0 = 5*l - 35. What is the remainder when 3870 is divided by d?
86
Suppose 38 = -w - s + 34, 0 = -4*w - s + 8. Calculate the remainder when 2303 is divided by w.
3
Let l(q) = 16*q + 509. What is the remainder when 2036 is divided by l(-31)?
8
Suppose 0 = 16*o + 7*o - 3381. Let p = -80 + o. What is the remainder when p is divided by 18?
13
Let h = -29 + 49. Suppose 6*z + 900 = -1854. Calculate the remainder when 3/9*2*z/(-6) is divided by h.
11
Suppose 8*q - 4*q = j + 731, 734 = 4*q - 2*j. Suppose 0 = -24*f + 5266 + q. Calculate the remainder when f is divided by 24.
11
Let c(i) be the first derivative of i**4/2 - 2*i**2 + 3*i + 4. Suppose -2125 = -30*a - 295. What is the remainder when a is divided by c(2)?
6
Suppose 184 = 2*h + 2*h. Suppose -8*o = -6*o - h. Let f(z) = -89*z**3 - z. What is the remainder when f(-1) is divided by o?
21
Let p = 91 - 160. Let k = 82 + p. What is the remainder when 37 is divided by k?
11
Let i be -11*8/(-4) - (1 - -3). Let m be (-4)/3 + 78/i. Suppose -3*l - 149 = -2*d - 2*d, m*d - 5*l - 98 = 0. Calculate the remainder when d is divided by 21.
20
Suppose 44*r - 39*r = 870. Suppose 2*c + 58 = r. Calculate the remainder when c is divided by 27.
4
Suppose 20*y + 648 = 32*y. Calculate the remainder when (-2)/(-4) + 14/4 is divided by ((-5)/(-3))/(45/y).
0
What is the remainder when 1 - 0 - 4*-7*3 is divided by 38?
9
Let x(o) = -o**3 + 5*o + 7. Let k(s) = s**2 + 24*s + 63. Let c be k(-21). What is the remainder when 8 is divided by x(c)?
1
Suppose 4*v = -4*p + 88, 185*p - 60 = -4*v + 188*p. What is the remainder when 55 is divided by v?
1
Let p = 201 - 196. Suppose p*o - 49 = -2*o. Calculate the remainder when ((-12)/4)/(3/(-32)) is divided by o.
4
Let s(i) = 4*i**2 - 64*i + 254. What is the remainder when 287 is divided by s(13)?
91
Let s = 315 + -210. Suppose -78*v + 83*v = s. Calculate the remainder when 40 is divided by v.
19
Suppose 0 = h + 4*q + 4 - 33, 2*q - 107 = -3*h. What is the remainder when 288/54*3/8 - -120 is divided by h?
11
What is the remainder when 356 is divided by (-129)/(-430) + (-3441)/(-30) + -2?
17
Suppose 4*u = u + 4*k + 70131, -2*u + 46754 = 2*k. What is the remainder when u is divided by 70?
67
Suppose 3*j = 2*l + 138 + 166, -2*j + 192 = 4*l. What is the remainder when j is divided by 48?
4
Let x be (208620/25)/12 + 4/(-10). Let l = -656 + x. Calculate the remainder when 167 is divided by l.
11
Let o(v) = 2393*v - 5020. What is the remainder when o(12) is divided by 82?
80
Let n = -7450 - -8053. Calculate the remainder when n is divided by 134.
67
Let f(a) = -3*a + 15. Let g = -50 + 44. What is the remainder when f(g) is divided by 28/(-126) - (-328)/18?
15
Let y = 67 - -195. Let u = 937 - y. Calculate the remainder when u is divided by 97.
93
Let c be 4/(-42) - 527899/651. Calculate the remainder when 323 is divided by (-38)/380 + c/(-10).
80
Let s = 53 + -50. Suppose 0 = -s*b + 3*g + 30, 8*g - 42 = -5*b + 11*g. What is the remainder when b is divided by 1?
0
Let j(f) = -2*f**3 + 6*f**2 + 5*f - 3. What is the remainder when j(-4) is divided by 1*5 + ((-24)/9 - 9000/(-135))?
63
Suppose 110 = d + 5*j, j = 2*j - 5. Suppose 3*t - 54 = 5*m - m, -5*t - m + 113 = 0. What is the remainder when d is divided by t?
19
Let p be ((-428)/12)/((-7)/(-21)). Calculate the remainder when (p/(-3) + -1)/((-8)/(-12)) is divided by 22.
8
Let j(t) = 3*t**2 + t + 10. Suppose 0 = 2*h - h + 36. Let w = h - -36. Calculate the remainder when 18 is divided by j(w).
8
Let w(k) = -k**3 + 18*k**2 + k - 301. What is the remainder when 145 is divided by w(17)?
0
Suppose -26521 + 16680 = -20*f + 21779. Calculate the remainder when f is divided by 32.
13
Suppose -11*y + 123 = -8*y. Let t = 47 - y. Suppose 0 = -t*h + h + 40. What is the remainder when 47 is divided by h?
7
Let g = 417 - 603. What is the remainder when -2*4/(-16) - g/4 is divided by 10?
7
Suppose -5*s = -25, 0 = -r + 19*s - 20*s + 322. Let i = -144 + r. What is the remainder when i is divided by 61?
51
Let a(b) = -b**2 + 106*b - 949. What is the remainder when 307 is divided by a(96)?
10
Let u be 2 + 4/(-10)*100/4. Suppose 0 = -4*g - 3*t + 48, 3*g + 4*t = -2*g + 61. Let y = g - u. Calculate the remainder when y is divided by 10.
7
Let y = 2176 - 1444. Let p = y + -721. Calculate the remainder when 13 is divided by p.
2
Let v(n) = -2*n + 7. Let a be v(1). Suppose -3*x = a*y - 12, 4*y - 26 + 10 = -4*x. What is the remainder when 18 is divided by x?
2
Let f be (0 + 2 - -1) + -1. Suppose f*b = -0*b + 4. Suppose -3*v - j + 154 = -b*j, 116 = 2*v - 4*j. Calculate the remainder when v is divided by 18.
14
Let y be ((-2)/(-4) - 0) + 8466/12. Suppose -y + 9 = -17*d. Calculate the remainder when d is divided by 12.
5
Let h = 22221 + -21523. Calculate the remainder when h is divided by 201.
95
Let k(s) = 4*s**2 - 103*s + 645. Calculate the remainder when 24735 is divided by k(16).
18
Let h(l) = 275*l - 220. Let d be h(6). Suppose -d = 25*r - 35*r. Calculate the remainder when r is divided by 44.
11
Let a(w) = -w**2 - 38*w + 44. What is the remainder when a(-16) is divided by 24?
12
Let g(z) = -4*z - 8. Let b(s) = -s - 2. Let u be b(-5). Suppose 7*a + 4 = u*a, -5*a = 3*q + 17. Calculate the remainder when g(q) is divided by 2.
0
Suppose -f - f + 3*x + 56 = 0, f = -3*x + 37. Let c = 183 + -372. Let v = -128 - c. Calculate the remainder when v is divided by f.
30
Suppose -3*t = -2*t - 4. Suppose t*f - 94 = 34. Calculate the remainder when 118 is divided by f.
22
Suppose 3*h = 4*k - 10, 3*h + 4*k = -0*h + 46. Calculate the remainder when 58 is divided by h.
4
Let f be 1/3 + 50/(-150). Suppose f = -39*h - 23*h + 21080. Calculate the remainder when h is divided by 19.
17
Let b(d) = -3*d**3 - 24*d**2 - 30*d + 3. Calculate the remainder when b(-10) is divided by 113.
112
Suppose 0 = -466*n + 469*n - 411. Calculate the remainder when n is divided by 60.
17
Let m = -32 + 37. Let l = -20 + m. Let r = l + 21. Calculate the remainder when r is divided by 6.
0
Let b = -178885 - -178934. Calculate the remainder when b is divided by ((-17)/4)/((-1)/4).
15
Let b be 4*(12/(-32))/(4/(-16)). Suppose -5*h + 65 = 4*x, -4*h + 50 = 4*x - b. Calculate the remainder when 21 is divided by h.
3
What is the remainder when 178 is divided by (10/(-11))/5 + 2*1064/88?
10
Let k(q) = -13*q + 756. What is the remainder when k(42) is divided by 24?
18
Let m = 6 + 8. Let u(p) = -13*p**2 - p + m*p - 2*p + p**3 + p + 12. What is the remainder when 13 is divided by u(12)?
1
Let h be ((-2)/(-8) + 13607/(-44))/(-1). Let y = -230 + h. What is the remainder when y is divided by 20?
19
Let a(k) = -k**3 + 32*k**2 - k 